3020?
2, 5, 17, 19, 1044437
List the prime factors of 415078108.
2, 103769527
List the prime factors of 987710951.
41, 73, 331, 997
List the prime factors of 3331149314.
2, 937, 1021, 1741
List the prime factors of 3668112293.
31, 4523, 26161
List the prime factors of 628861548.
2, 3, 7, 109, 68683
What are the prime factors of 1810624273?
59, 101, 311, 977
What are the prime factors of 155438301?
3, 23, 2252729
List the prime factors of 143677355.
5, 47, 611393
List the prime factors of 146926268.
2, 83, 193, 2293
List the prime factors of 76633754.
2, 38316877
List the prime factors of 1218156200.
2, 5, 6090781
What are the prime factors of 723934657?
139, 1753, 2971
What are the prime factors of 31233194?
2, 15616597
What are the prime factors of 1088405878?
2, 7, 77743277
What are the prime factors of 9657137?
7, 47, 149, 197
What are the prime factors of 1189672681?
157, 1601, 4733
List the prime factors of 323477546.
2, 7, 19, 197, 6173
List the prime factors of 265262766.
2, 3, 44210461
What are the prime factors of 31191710?
2, 5, 11, 233, 1217
List the prime factors of 194764907.
194764907
What are the prime factors of 647535685?
5, 47, 2755471
What are the prime factors of 1431068308?
2, 357767077
List the prime factors of 719036309.
367, 1959227
What are the prime factors of 756810765?
3, 5, 37, 454541
What are the prime factors of 389686198?
2, 11, 71, 317, 787
What are the prime factors of 970156518?
2, 3, 161692753
What are the prime factors of 9433837?
7, 179, 7529
List the prime factors of 114791281.
11, 10435571
List the prime factors of 9256300685.
5, 83, 227, 98257
What are the prime factors of 666341271?
3, 197, 263, 1429
List the prime factors of 663109186.
2, 29, 71, 283, 569
List the prime factors of 32064088.
2, 7, 572573
What are the prime factors of 306631596?
2, 3, 25552633
List the prime factors of 88607841.
3, 7, 1279, 3299
List the prime factors of 45681950.
2, 5, 913639
List the prime factors of 111213725.
5, 7, 635507
List the prime factors of 102487555.
5, 67, 305933
What are the prime factors of 96475236?
2, 3, 11, 13, 19, 269
List the prime factors of 332283836.
2, 17, 61, 80107
What are the prime factors of 283350463?
11, 83, 503, 617
List the prime factors of 77699430.
2, 3, 5, 823, 1049
What are the prime factors of 102729582?
2, 3, 53, 257, 419
What are the prime factors of 598796388?
2, 3, 281, 6577
List the prime factors of 3242993758.
2, 19, 85341941
What are the prime factors of 728127523?
728127523
What are the prime factors of 491038048?
2, 15344939
List the prime factors of 1971608815.
5, 11, 19, 919, 2053
What are the prime factors of 113072197?
7, 2459, 6569
List the prime factors of 40593887.
131, 309877
List the prime factors of 209320339.
31, 199, 33931
What are the prime factors of 8853944114?
2, 17, 260410121
List the prime factors of 2168320859.
59, 36751201
List the prime factors of 44186707.
44186707
What are the prime factors of 3416792763?
3, 3119, 365159
List the prime factors of 14593719.
3, 7, 99277
What are the prime factors of 82180256?
2, 31, 37, 2239
What are the prime factors of 399410451?
3, 11, 4034449
List the prime factors of 664740305.
5, 132948061
List the prime factors of 1041202672.
2, 17, 131, 29221
What are the prime factors of 136101462?
2, 3, 7, 71, 45641
What are the prime factors of 171194024?
2, 41, 491, 1063
What are the prime factors of 151175609?
13, 19, 32213
What are the prime factors of 1221495798?
2, 3, 17, 11975449
List the prime factors of 2483973227.
19, 130735433
What are the prime factors of 98150320?
2, 5, 673, 1823
What are the prime factors of 847984535?
5, 19, 1033, 8641
What are the prime factors of 457760220?
2, 3, 5, 241, 31657
What are the prime factors of 3970809?
3, 17, 41, 211
List the prime factors of 2105518322.
2, 1052759161
What are the prime factors of 873952764?
2, 3, 72829397
List the prime factors of 55614194.
2, 27807097
List the prime factors of 1649146561.
9883, 166867
What are the prime factors of 440871303?
3, 43, 3417607
List the prime factors of 1812811.
7, 11, 13, 1811
List the prime factors of 59756561.
31, 1927631
List the prime factors of 1446153899.
107, 569, 23753
List the prime factors of 207276961.
79, 2623759
List the prime factors of 51279254.
2, 13, 67, 29437
List the prime factors of 4433391.
3, 263, 1873
List the prime factors of 2419739144.
2, 379, 798067
List the prime factors of 77237859.
3, 151, 170503
List the prime factors of 112468720.
2, 5, 7, 13, 2207
List the prime factors of 1533472902.
2, 3, 13, 6553303
List the prime factors of 887416553.
887416553
List the prime factors of 240173482.
2, 311, 386131
What are the prime factors of 75802796?
2, 17, 919, 1213
List the prime factors of 134048672.
2, 17, 29, 293
List the prime factors of 90218507.
17, 29, 182999
What are the prime factors of 1630575814?
2, 7, 116469701
What are the prime factors of 436557175?
5, 61, 83, 3449
What are the prime factors of 70068606?
2, 3, 293, 39857
What are the prime factors of 2380640488?
2, 421, 706841
List the prime factors of 165799675.
5, 97, 68371
List the prime factors of 681703330.
2, 5, 7, 11, 31, 28559
List the prime factors of 65561151.
3, 37, 590641
List the prime factors of 1107315941.
4409, 251149
List the prime factors of 153643739.
17, 9037867
What are the prime factors of 83797864?
2, 10474733
What are the prime factors of 1776075018?
2, 3, 296012503
List the prime factors of 1600842079.
29, 55201451
List the prime factors of 2888673824.
2, 283, 318979
List the prime factors of 103109136.
2, 3, 13, 373, 443
List the prime factors of 106044840.
2, 3, 5, 11, 61, 439
List the prime factors of 312461667.
3, 7, 1901, 2609
List the prime factors of 111029061.
3, 11, 13, 258809
What are the prime factors of 205525395?
3, 5, 4567231
List the prime factors of 1544382074.
2, 113, 6833549
What are the prime factors of 312286169?
13, 467, 51439
What are the prime factors of 24509875?
5, 13, 15083
List the prime factors of 358931725.
5, 2729, 5261
What are the prime factors of 60751974?
2, 3, 61, 127, 1307
List the prime factors of 292053944.
2, 7, 13, 401173
List the prime factors of 6309881889.
3, 277, 7593119
What are the prime factors of 3041209465?
5, 7, 211, 411809
List the prime factors of 144966428.
2, 19, 1907453
What are the prime factors of 2153122469?
17959, 119891
List the prime factors of 36205214.
2, 41, 441527
List the prime factors of 1417018192.
2, 113, 783749
List the prime factors of 443662803.
3, 193, 255419
List the prime factors of 462687027.
3, 11, 59, 167, 1423
List the prime factors of 159143074.
2, 101, 787837
What are the prime factors of 380961933?
3, 11, 53, 67, 3251
List the prime factors of 1735690236.
2, 3, 7, 20662979
What are the prime factors of 17402009?
17402009
List the prime factors of 1061773378.
2, 530886689
List the prime factors of 642988927.
7, 101, 173, 751
What are the prime factors of 6285375041?
11, 571397731
List the prime factors of 2877012.
2, 3, 17, 1567
What are the prime factors of 2362778966?
2, 17, 971, 71569
List the prime factors of 72523373.
13, 719, 7759
What are the prime factors of 123626283?
3, 11, 829, 4519
What are the prime factors of 1614559191?
3, 7, 1129, 68099
What are the prime factors of 87875740?
2, 5, 37, 118751
What are the prime factors of 565390307?
31, 47, 388051
List the prime factors of 3735693.
3, 13, 29, 367
What are the prime factors of 665595486?
2, 3, 467, 79181
List the prime factors of 1940429354.
2, 2833, 342469
List the prime factors of 2989622.
2, 1494811
List the prime factors of 99483439.
11, 17, 531997
What are the prime factors of 1512865?
5, 302573
List the prime factors of 15963369.
3, 29, 183487
List the prime factors of 670585234.
2, 11, 30481147
What are the prime factors of 747277703?
747277703
What are the prime factors of 52640908?
2, 17, 774131
What are the prime factors of 520518802?
2, 260259401
List the prime factors of 112929935.
5, 22585987
List the prime factors of 369664932.
2, 3, 7, 13, 17, 19913
What are the prime factors of 33255294?
2, 3, 5542549
What are the prime factors of 486244135?
5, 13, 7480679
List the prime factors of 1402815901.
269, 5214929
What are the prime factors of 672856065?
3, 5, 7, 26